{"id":19,"date":"2014-04-20T13:09:02","date_gmt":"2014-04-20T13:09:02","guid":{"rendered":"http:\/\/abotex.hu\/wordpress\/?page_id=19"},"modified":"2019-01-10T17:49:54","modified_gmt":"2019-01-10T17:49:54","slug":"lepedok","status":"publish","type":"page","link":"https:\/\/abotex.hu\/wordpress\/termekeink\/lepedok\/","title":{"rendered":"Leped\u0151k"},"content":{"rendered":"<h4>A k\u00e9pek mellett tal\u00e1lhat\u00f3&nbsp;<span style=\"color: #00ff00;\">z\u00f6ld pipa&nbsp;<\/span>jelenti azt, hogy az adott term\u00e9k rendelhet\u0151.<\/h4>\n<p><strong>ngg_shortcode_0_placeholder<\/strong><\/p>\n<p>Megbesz\u00e9l\u00e9s alapj\u00e1n mennyis\u00e9gt\u0151l f\u00fcgg\u0151en egyedi m\u00e9retek k\u00e9sz\u00edt\u00e9s\u00e9t is v\u00e1llaljuk.<\/p>\n<p><strong>Anyagfajt\u00e1k:<\/strong><br \/>\nV\u00e1szonleped\u0151k:<\/p>\n<ul>\n<li>feh\u00e9r \u00e9s sz\u00ednes v\u00e1szon<\/li>\n<li>gumis leped\u0151<\/li>\n<li>100% pamut<\/li>\n<\/ul>\n<p><strong>M\u00e9retek:<\/strong><\/p>\n<ul>\n<li>110&#215;150 cm (gyermek)<\/li>\n<li>150&#215;200 cm (norm\u00e1l)<\/li>\n<li>150&#215;220 cm<\/li>\n<li>180&#215;240 cm<\/li>\n<li>220&#215;240 cm<\/li>\n<\/ul>\n<p>Szat\u00e9n leped\u0151:<\/p>\n<ul>\n<li>selyemszat\u00e9n sz\u00ednes<\/li>\n<li>100% poli\u00e9szter<\/li>\n<\/ul>\n<p><strong>M\u00e9retek:<\/strong><\/p>\n<ul>\n<li>110&#215;150 cm (gyermek)<\/li>\n<li>150&#215;200 cm (norm\u00e1l)<\/li>\n<li>150&#215;220 cm<\/li>\n<li>180&#215;240 cm<\/li>\n<li>220&#215;240 cm<\/li>\n<\/ul>\n<p>Flanel leped\u0151:<\/p>\n<ul>\n<li style=\"list-style-type: none;\">\n<ul>\n<li>egysz\u00edn\u0171 feh\u00e9r \u00e9s sz\u00ednes<\/li>\n<\/ul>\n<\/li>\n<\/ul>\n<p><strong>M\u00e9retek:<\/strong><\/p>\n<ul>\n<li style=\"list-style-type: none;\">\n<ul>\n<li>110&#215;150 cm (gyermek)<\/li>\n<li>150&#215;200 cm (norm\u00e1l)<\/li>\n<li>150&#215;220 cm<\/li>\n<li>180&#215;240 cm<\/li>\n<li>220&#215;240 cm<\/li>\n<\/ul>\n<\/li>\n<\/ul>\n<p>Frott\u00edr leped\u0151:<\/p>\n<p>M\u00e9retek:<\/p>\n<ul>\n<li>70&#215;140 cm<\/li>\n<li>100&#215;200 cm<\/li>\n<li>130&#215;200 cm<\/li>\n<li>160&#215;200 cm<\/li>\n<li>190&#215;200 cm<\/li>\n<li>elasztikus, feh\u00e9r \u00e9s sz\u00ednes v\u00e1ltozatban<\/li>\n<li>gumis leped\u0151<\/li>\n<\/ul>\n<p>Jersey leped\u0151<\/p>\n<ul>\n<li style=\"list-style-type: none\">\n<ul>M\u00e9retek:<\/ul>\n<\/li>\n<\/ul>\n<p>&nbsp;<\/p>\n<ul>\n<li>70&#215;140 cm<\/li>\n<li>90&#215;200 cm<\/li>\n<li>140&#215;200 cm<\/li>\n<li>160&#215;200 cm<\/li>\n<li>180&#215;200 cm<\/li>\n<li>elasztikus, feh\u00e9r \u00e9s sz\u00ednes v\u00e1ltozatban<\/li>\n<li>gumis leped\u0151<\/li>\n<\/ul>\n","protected":false},"excerpt":{"rendered":"<p>A k\u00e9pek mellett tal\u00e1lhat\u00f3&nbsp;z\u00f6ld pipa&nbsp;jelenti azt, hogy az adott term\u00e9k rendelhet\u0151. Megbesz\u00e9l\u00e9s alapj\u00e1n mennyis\u00e9gt\u0151l f\u00fcgg\u0151en egyedi m\u00e9retek k\u00e9sz\u00edt\u00e9s\u00e9t is v\u00e1llaljuk. Anyagfajt\u00e1k: V\u00e1szonleped\u0151k: feh\u00e9r \u00e9s sz\u00ednes v\u00e1szon gumis leped\u0151 100% pamut M\u00e9retek: 110&#215;150 cm (gyermek) 150&#215;200 cm (norm\u00e1l) 150&#215;220 cm 180&#215;240 cm 220&#215;240 cm Szat\u00e9n leped\u0151: selyemszat\u00e9n sz\u00ednes 100% poli\u00e9szter M\u00e9retek: 110&#215;150 cm (gyermek) 150&#215;200 cm [&hellip;]<\/p>\n","protected":false},"author":1,"featured_media":0,"parent":17,"menu_order":0,"comment_status":"closed","ping_status":"open","template":"","meta":{"ngg_post_thumbnail":0,"footnotes":""},"class_list":["post-19","page","type-page","status-publish","hentry"],"aioseo_notices":[],"_links":{"self":[{"href":"https:\/\/abotex.hu\/wordpress\/wp-json\/wp\/v2\/pages\/19","targetHints":{"allow":["GET"]}}],"collection":[{"href":"https:\/\/abotex.hu\/wordpress\/wp-json\/wp\/v2\/pages"}],"about":[{"href":"https:\/\/abotex.hu\/wordpress\/wp-json\/wp\/v2\/types\/page"}],"author":[{"embeddable":true,"href":"https:\/\/abotex.hu\/wordpress\/wp-json\/wp\/v2\/users\/1"}],"replies":[{"embeddable":true,"href":"https:\/\/abotex.hu\/wordpress\/wp-json\/wp\/v2\/comments?post=19"}],"version-history":[{"count":0,"href":"https:\/\/abotex.hu\/wordpress\/wp-json\/wp\/v2\/pages\/19\/revisions"}],"up":[{"embeddable":true,"href":"https:\/\/abotex.hu\/wordpress\/wp-json\/wp\/v2\/pages\/17"}],"wp:attachment":[{"href":"https:\/\/abotex.hu\/wordpress\/wp-json\/wp\/v2\/media?parent=19"}],"curies":[{"name":"wp","href":"https:\/\/api.w.org\/{rel}","templated":true}]}}